o - 47. Suppose s = -l + 4, -4*s + 17*l + 14 = 20*l. What is u(s)?
3
Let n(t) = 4*t**3 - 25*t**2 + 18*t + 14. Let o(b) = -3*b**3 + 20*b**2 - 17*b - 13. Let c(l) = 2*n(l) + 3*o(l). Determine c(8).
-3
Let y(x) = -x**3 - 6*x**2 - 4*x + 8. Let m be y(-5). Let l(r) = -4*r**3 + 5*r**3 - 60*r - 2*r**2 + 62*r + m. Give l(3).
18
Suppose -u + 4*u = -4*f + 54, 0 = f. Let a(i) = i - i + u + i - 9. Determine a(-3).
6
Let q(z) = -z**3 - 3*z**2 + 7*z - 5. Let d be q(-5). Let k(m) = -5 - 8 - m**3 + 2 + 13*m**2 - 6 - 12 - d*m. Give k(12).
-5
Let l = 551 + -548. Let c(f) = -l - 28621*f + 28620*f - 4. What is c(3)?
-10
Let q = 31151 + -31156. Let k(w) = -w**2 + 33*w + 188. Calculate k(q).
-2
Let g(q) = -q - 6. Suppose 4*j = -2*j. Suppose 2*n + 5*z + 85 = -j*n, 5*z + 175 = -5*n. Let t be ((-4)/3)/(n/(-135)). What is g(t)?
0
Suppose -25*y = -20*y - 14*y + 18. Let x(a) = 5*a**2 + 3*a - 2. Determine x(y).
24
Let f(u) = 5*u - 3. Let m(h) = 23*h + 186. Let t be 1/(2 - 85/40). Let i be m(t). Calculate f(i).
7
Let o(w) = -w**3 + w**2 - 2*w - 3. Let q(p) = -p**2 - p. Let t(l) = 7*l**2 + 3*l - 2. Let d = 23 - 28. Let g(z) = d*q(z) - t(z). Let j be g(-1). Determine o(j).
13
Let v(y) = 53 + 30*y + 31*y - 67*y. Give v(12).
-19
Let i(w) = 9*w - 774*w**3 - 10*w - 18*w + 777*w**3 + 18 - 22*w**2. What is i(8)?
-6
Let o = 56 - 56. Let s be (6/(-9) - o)*-3. Let f(v) = 48 - 4*v - 51 + 4*v**s + v**3 + 5*v. Calculate f(-3).
3
Suppose -56*h + 3*d = -52*h + 368, -4*d = 3*h + 276. Let g = h + 99. Let s(q) = -q**3 + 8*q**2 - 8*q + 8. Give s(g).
1
Let q(m) = 1749*m + 19242. Let r be q(-11). Let f(h) = h**2 + 0*h**2 + 2 - 5*h - 5. What is f(r)?
-9
Let h(v) = -5*v**3 + 8*v**3 - 24697 + 9*v - 7*v + 2*v**2 - 5*v**3 + 24701. Suppose -l + 3*l = 6. What is h(l)?
-26
Let i(t) = 3*t + 2. Let h be i(-2). Let q(m) = 6*m. Suppose 5*k + 4*v + 22 = -23, -v - 5 = 0. Let z(f) = -7*f - 1. Let u(d) = h*z(d) + k*q(d). What is u(7)?
-10
Let v be -1*(1 + 0)*(-25 - -10). Suppose 3*h - 75 = -2*h. Let g(j) = -j - v + h. Determine g(3).
-3
Let v(m) = -4*m + 26. Let y(h) = 33*h - 232. Let q(a) = 3*v(a) + y(a). Determine q(7).
-7
Let z(t) be the second derivative of t**4/12 + 11*t**3/6 - 7*t**2/2 + 312*t. Calculate z(-12).
5
Let r(u) = -u**2 + 7 + 0*u - 3*u + 6*u. Let j(d) = -2*d + 12. Let m be j(4). Suppose m*b - 12 = 2*b. What is r(b)?
-11
Suppose -2*w - 124 = -225 + 111. Let j(n) = -n**2 - 2*n + 5. Calculate j(w).
-10
Let g(v) = -v**2 - v. Let m(r) = -5*r**2 - 7*r - 5. Let d be (-2)/(2/(-7)) - (93 + -92). Suppose 0 = -5*i - 4 - 1. Let j(h) = d*g(h) + i*m(h). What is j(4)?
-7
Let h(p) be the second derivative of 13*p**3/6 - 10*p**2 + 264*p - 1. Determine h(-5).
-85
Let u(k) = k**3 - k**2 - k. Let s be (-11 - -3)*402/8. Let d = s + 405. What is u(d)?
15
Let z(b) be the first derivative of -b**3/3 + 15*b**2/2 + 8*b - 587. Give z(13).
34
Let k = 3 + 1. Let l(b) = -b**3 + 9*b**2 + 22*b + 6. Let a be l(11). Let z(g) = -7*g - 4 - 1 + 2 - a*g + 16*g. Give z(k).
9
Suppose 11*d = -7*d. Let x(s) = 2*s**2. Let a be x(-1). Suppose -4*o + 2*m + 10 = d, 1 = 2*o - a*m - 5. Let f(y) = -y**3 + 5*y**2 - 2*y. Calculate f(o).
8
Let z = 346 - 347. Let t be 1 + z - (-14 - -11). Let j(w) = w**2 + 4 + 3*w**2 - w**3 - 8*w + 3*w. Give j(t).
-2
Suppose -y + 12 = 3*c - 51, -2*y + 146 = c. Let t(k) = k**2 + 155*k - y*k - 82*k + 1. Give t(1).
0
Let n(x) be the third derivative of -x**6/12 + x**4/12 + x**3/6 - 19*x**2 + 3. Suppose -3 = 6*u + 3. Calculate n(u).
9
Let c = -946 + 958. Let i(k) = -2*k**2 + 24*k + 8. What is i(c)?
8
Suppose -2*u + 10 = -a - u, 3*u - 3 = 0. Let l(b) be the first derivative of b**4/4 + 10*b**3/3 + 4*b**2 - 4*b - 348. Calculate l(a).
5
Suppose 2*v = -k + 394, 5*k - 1425 - 521 = -2*v. Suppose -386*l = -k*l + 4. Let z(i) = i**3 - 1. Calculate z(l).
7
Let x be 0 - -4 - (-14)/7. Suppose -1 - 2 = -5*d + 4*n, x = -2*d + 4*n. Let o(b) be the third derivative of b**5/30 - b**4/8 - b**3/2 + b**2. What is o(d)?
6
Let i = 24 - 27. Let r(t) be the second derivative of -t**3/6 - t**2 + 12*t - 2. What is r(i)?
1
Let b(c) = 27*c - 1 - 26*c - c**2 - 7*c. Let x = 14 - 22. What is b(x)?
-17
Suppose 12 = -3*v + 3*n, 4*v + 18*n - 21*n = -17. Let b(p) = p**2 + 8*p + 14. Calculate b(v).
-1
Let x(h) = h**2 + 4*h - 2. Let y be -31 - (-3 + (-5)/(-1)). Let m be (-32)/(-120)*(10 - 0)*y. Let r be (-2)/6 + m/24. What is x(r)?
-2
Let t be (17/51)/(6 + 385/(-63)). Let r(q) be the third derivative of q**6/120 + q**5/20 - q**4/6 - q**3/3 + 3*q**2. Calculate r(t).
10
Let w(g) be the third derivative of g**6/120 + g**5/30 - 23*g**4/24 + 11*g**3/6 - 11*g**2 - 3. Give w(4).
15
Let n be (9/12)/((-3)/2)*-106. Let y = -53 + n. Suppose 0 = -y*d + 6*d - 24. Let c(p) = -2*p**2 + 4*p - 3. What is c(d)?
-19
Let q(k) = -2*k**3 + 18*k**2 + 4*k - 31. Let f be q(9). Let s(i) = -i + 18. Give s(f).
13
Let q = -728 + 735. Let j(s) = q - 1 - 10*s - 3. Determine j(-3).
33
Let i(u) = 3*u - 117 - 143 - 2*u + 286. Let c(r) = 5. Let w(m) = 5*c(m) - i(m). Suppose 0 = -t + 1 + 7. What is w(t)?
-9
Let m(r) = -r**2 - 6*r - 13. Let y be m(-4). Let v(j) = -45 - 6*j + 69 - 28. What is v(y)?
26
Let l(y) be the second derivative of y**5/20 + 11*y**4/12 + 3*y**3 + 4*y**2 - 19*y - 32. What is l(-9)?
8
Let n = -7403 - -7403. Let d(r) be the second derivative of 16*r + 1/6*r**3 - r**2 + n. What is d(0)?
-2
Let w(s) = 0*s - 3*s + 7*s - 4. Let d be -3*8/(-3)*(-5 + (-99)/(-22)). Calculate w(d).
-20
Let y(h) = 3*h**2 - 4*h - 2. Let j = -254 + 171. Let k = 87 + j. Calculate y(k).
30
Let y(v) = -16*v + 2*v**2 + 15*v + 3*v**2. Suppose 30*o = -48*o - 72*o - 150. Give y(o).
6
Let q(a) = -3*a**2 + 40*a - 16. Let h(o) = -3*o**2 + 47*o - 16. Let g(r) = -6*h(r) + 7*q(r). What is g(-5)?
-81
Let d(q) = -6*q - 11*q + 22*q + 33 - 7. Determine d(-9).
-19
Suppose 2*l + 70 = 4*w, -3*l + 5*w - 128 = l. Let j(x) = x**2 + 47*x - 473. Let s be j(-55). Let o = l - s. Let t(c) = c**2 - 4*c + 9. What is t(o)?
21
Let i be 120/15 + -8 + 2. Let p(s) be the first derivative of 3 + 1/3*s**3 + 0*s**i + 0*s. Determine p(-1).
1
Suppose -20*s + 1680 = -5*s. Suppose -s*w = -119*w. Let t(q) = -3 + q**2 - 3 - 5 + 3 + q**3. What is t(w)?
-8
Let h(d) = -d. Let g = -271 + 261. Let z be ((-5)/g)/(-1*5/(-100)). Calculate h(z).
-10
Let f(u) = -3*u**2 - 2*u + 20. Let x(r) = -2*r**2 - r + 11. Let a(b) = -3*f(b) + 5*x(b). Determine a(-3).
-17
Let i(k) = 7*k - 5. Suppose 20 = 27*s - 31*s, -4*v - 5*s = 57. Determine i(v).
-61
Let n(m) = m**2 - 4*m + 1. Let q(k) = -k + 1. Let w(t) = -3*t**2 - 4*t + 42. Let z(s) = 6*q(s) - w(s). Let b be z(-5). Let r = -47 + b. What is n(r)?
-3
Let k(x) = x**2 + 5*x - 97. Let n(z) = z**2 + 4*z - 71. Let j(r) = 5*k(r) - 7*n(r). Calculate j(8).
-140
Let l(o) = o**2 + 3*o - 7. Let w(k) be the second derivative of k**4/6 - 13*k**3/6 - 9*k**2 - 23*k. Let s be w(8). Suppose -p + 25 = -s*p. What is l(p)?
3
Suppose 14*z - 23 = 117. Suppose -12 = 5*d - 4*k - 34, 2*d - 2*k - z = 0. Let n(w) = -2*w**2 - w + 2. Give n(d).
-8
Let g = 89281 - 89276. Let c(x) = 12 - 4*x + 2*x + x. Determine c(g).
7
Let q(w) = 23*w**3 + w. Let g be q(-1). Let m(t) = -t**2 - 25*t - 18. Let o be m(g). Suppose -o*j + 0 = 6. Let h(z) = -25*z**2 + 1. Calculate h(j).
-24
Let n(f) = f**2. Let x be n(4). Let h(j) = 19*j**3 + 110*j**2 + 19*j + 76. Let g(q) = 5*q**3 + 28*q**2 + 5*q + 19. Let t(w) = -23*g(w) + 6*h(w). Calculate t(x).
3
Suppose -b - 17 = -r, -273*b - 16 = -277*b - 3*r. Let n(m) be the second derivative of -2*m**3/3 + m**2 + m. Give n(b).
22
Let a(n) = 158 - 262 + 108 - 32*n. What is a(-1)?
36
Let l(i) = -8*i**2 + 2*i - 1. Suppose 99 = -41*w + 42*w. Let n = -97 + w. Suppose 0 = 7*o - n - 5. Determine l(o).
-7
Suppose 15 + 7 = -11*f. Let p(z) = -3*z**3 + 4*z**2 + z - 7. Let h(q) = q**3 - 2*q**2 - q + 3. Let y(b) = -2*h(b) - p(b). Determine y(f).
-9
Let d(f) = -f - 5. Suppose 4*s = 3*s + 10. Let b be ((-16)/s)/(4/(-10)). Suppose k - b = -0*k. Determine d(k).
-9
Let c be 7 + ((-2)/5 - (-330)/(-50)). Let o(a) = 11*a**2 + 5*a + 42. Let i(z) = -7*z**2 - 3*z - 28. Let k(b) = -8*i(b) - 5*o(b). What is k(c)?
14
Let g(s) = -54*s**3 + s**2 + 2*s + 1. Suppose 10 = -434*q + 424*q. Calculate g(q).
54
Let b(s) be the first derivative of -s**2 + 3*s + 18. Let x be (-3)/(3 - 27/6). Suppose 0 = w - i - 4*i + 12, -x*i + 12 = 2*w. What is b(w)?
-3
